t is -211 + 203313333?
203313122
In base 7, what is 35 + -4121200?
-4121132
In base 16, what is -3 + 7ef9260?
7ef925d
In base 2, what is -101101101 - -101010110000011011?
101010101010101110
In base 16, what is -550 + -4d35?
-5285
In base 4, what is 21 + 1021311323?
1021312010
In base 2, what is -10101101010000000101000 - 100100?
-10101101010000001001100
In base 9, what is 2441 + 1365?
3816
In base 8, what is 1 + -1070766404?
-1070766403
In base 7, what is -43 + 2063340?
2063264
In base 14, what is -4 - -6c9b34?
6c9b30
In base 13, what is -3780553 + 3?
-3780550
In base 13, what is -2a13 - 2c351?
-32064
In base 13, what is -441 + 44005?
43894
In base 13, what is 2aa + -1811c3?
-180c16
In base 12, what is 3 - -671659?
671660
In base 14, what is 13c23 + 180?
13da3
In base 3, what is 102 - -12221120012021?
12221120012200
In base 14, what is -30012d + 2?
-30012b
In base 7, what is 30314 - -366?
31013
In base 3, what is 1 - 201022120220120?
-201022120220112
In base 4, what is 13210210330113 - -3?
13210210330122
In base 15, what is -31a00 + 10c?
-318e3
In base 7, what is -10 + 16054611?
16054601
In base 11, what is -2 - 3412338?
-341233a
In base 15, what is 6081 + 3e?
60c0
In base 9, what is -811 - -6860?
6048
In base 2, what is -100 - -100101101010011011111100000?
100101101010011011111011100
In base 8, what is -12626200 + 5?
-12626173
In base 5, what is -1323 + -120404231?
-120411104
In base 2, what is -10000101011011101101 + 111?
-10000101011011100110
In base 16, what is -5 - -18a3dc?
18a3d7
In base 3, what is 2021001002221 + 11200?
2021001021121
In base 9, what is 37 - 3381114?
-3381066
In base 15, what is -293 - b886a?
-b8b0d
In base 4, what is 2013113001 + -3?
2013112332
In base 4, what is 330 + -112312013?
-112311023
In base 10, what is 1103522 - -1201?
1104723
In base 11, what is 289839 - -824?
28a562
In base 8, what is 177350531 - 5?
177350524
In base 15, what is -1b - -4d4e7d?
4d4e62
In base 12, what is 4bb0871 - -8?
4bb0879
In base 10, what is 689681 + -8?
689673
In base 14, what is -84 + 64b23a?
64b196
In base 2, what is -110110000110100111010000111 - 10?
-110110000110100111010001001
In base 13, what is -1050 + -217c?
-31cc
In base 12, what is -42 - -9814?
9792
In base 7, what is -225526 - 61230?
-320056
In base 11, what is 534556a + 5?
5345574
In base 6, what is 0 + 21215240253?
21215240253
In base 10, what is 3005210 + -4?
3005206
In base 9, what is -753 - 102611?
-103464
In base 11, what is 395050 - -21?
395071
In base 13, what is 7cc - -2b2?
ab1
In base 6, what is 2435 + 244003?
250442
In base 11, what is -24a0111 + 5?
-24a0107
In base 5, what is -124030 - -403434?
224404
In base 9, what is 3035702 - -102?
3035804
In base 16, what is -15b - 535?
-690
In base 12, what is 193a7 + -2aa7?
16500
In base 15, what is -7c - 1bc2ae?
-1bc33b
In base 13, what is 36 + -b75bb8?
-b75b82
In base 15, what is -1a67 + -20d?
-1c75
In base 11, what is a15 - 2641?
-1727
In base 16, what is -4 - c76bca?
-c76bce
In base 16, what is -1 - -32eb4?
32eb3
In base 5, what is -1342121 + -332?
-1343003
In base 3, what is 10110021200 + -21010?
10110000120
In base 13, what is 74845 + ba?
74932
In base 5, what is 40034442 - 1040?
40033402
In base 13, what is 1c66c46 + -b?
1c66c38
In base 8, what is -2306 + 17401?
15073
In base 3, what is 21020021 + 110221220?
202012011
In base 16, what is 3 + -201239?
-201236
In base 6, what is 2334 - -245245?
252023
In base 8, what is 3505570047 + 1?
3505570050
In base 4, what is -2011012333332 - -33?
-2011012333233
In base 7, what is 4 - 43100552?
-43100545
In base 13, what is 20755 + 3a29?
24481
In base 4, what is -2 + -3112230322?
-3112230330
In base 5, what is 3 + -123403122?
-123403114
In base 3, what is -120 + 2122211120111?
2122211112221
In base 11, what is -a + 222373?
222364
In base 13, what is -3423c3a7 - 3?
-3423c3aa
In base 15, what is 37 - 2882b?
-287e4
In base 13, what is -c9c447 + 1?
-c9c446
In base 8, what is 41125 - -111?
41236
In base 14, what is 9c3b7c + -14?
9c3b68
In base 11, what is -a371343 - 3?
-a371346
In base 16, what is -738 - -35245?
34b0d
In base 13, what is 6a65061 - 5?
6a65059
In base 6, what is -24511 - -123145?
54234
In base 4, what is -232312321 - 133302?
-233112223
In base 3, what is -21112 - -212220022210?
212220001021
In base 15, what is 1ac4254 + -4?
1ac4250
In base 8, what is 17755 + -413541?
-373564
In base 10, what is -8 - -22968262?
22968254
In base 15, what is -16579 - 3b4?
-1693d
In base 14, what is -c0b - -15a7b?
14c70
In base 15, what is 531 + 2146?
2677
In base 3, what is 10 + -120021212122211201?
-120021212122211121
In base 4, what is 10 - -232002213220?
232002213230
In base 5, what is 11222310 - -4032?
11231342
In base 6, what is -1234550313 - -121?
-1234550152
In base 13, what is -3cb03 - -92?
-3ca41
In base 14, what is 15585b + -5?
155856
In base 16, what is -20b12 - 46a?
-20f7c
In base 16, what is 21850c4 - 3?
21850c1
In base 9, what is -4 + -8716714?
-8716718
In base 3, what is -121010 - 1111010010?
-1111201020
In base 9, what is -5 + 3578226?
3578221
In base 16, what is d9 - -2cd56a?
2cd643
In base 14, what is -1d99a28 - 3?
-1d99a2b
In base 5, what is 2 - -402401013?
402401020
In base 14, what is -52b35cc - 0?
-52b35cc
In base 12, what is 995 - -38123?
38ab8
In base 3, what is 112210212001110 + 2?
112210212001112
In base 4, what is 30302202133 + -1110?
30302201023
In base 15, what is -210 + a0b4?
9da4
In base 3, what is 10 + 2200222112010?
2200222112020
In base 12, what is -2a5b35 - 86?
-2a5bbb
In base 5, what is -10 - 11043224421?
-11043224431
In base 13, what is -1c + 430c52?
430c33
In base 11, what is -614958 + -19?
-614976
In base 16, what is -2 + -ca9d553?
-ca9d555
In base 9, what is -728 - 37038?
-37767
In base 8, what is 4172047424 + 3?
4172047427
In base 7, what is 1 - 4204330506?
-4204330505
In base 5, what is 0 - -1234041133?
1234041133
In base 9, what is -32 - -56155046?
56155014
In base 9, what is -1440 + 1765?
325
In base 12, what is -227504 + 1598?
-225b28
In base 4, what is 22210201203 + 11?
22210201220
In base 10, what is 8496 - 2959?
5537
In base 5, what is 44044 - 4124212?
-4030113
In base 11, what is -8 - -33a4450?
33a4443
In base 10, what is 6429 - 35251?
-28822
In base 3, what is -201001222 - 22012220?
-1000021212
In base 5, what is -10013100101 + 0?
-10013100101
In base 7, what is -13221 - -56452?
43231
In base 16, what is -5 - -d13011?
d1300c
In base 14, what is -67ab010 - 12?
-67ab022
In base 5, what is 10014224041 + -202?
10014223334
In base 3, what is 11012021100010 + -22?
11012021022211
In base 11, what is -28976460 - -1?
-2897645a
In base 12, what is 0 + 542421?
542421
In base 13, what is 175 - -20786?
2092b
In base 15, what is -5 - -32eca14?
32eca0e
In base 8, what is -15107 - -407?
-14500
In base 11, what is 4 - 117a874?
-117a870
In base 2, what is -11011 - -110111101111010001011?
110111101111001110000
In base 7, what is -1 - 4633532?
-4633533
In base 2, what is 10000 - -1110110110010101111111?
1110110110010110001111
In base 11, what is a + 1391729?
1391738
In base 16, what is 1a5 + -264fb?
-26356
In base 12, what is a715 + -1515?
9200
In base 6, what is 51 + -54140051?
-54140000
In base 5, what is 11023323220 + -2?
11023323213
In base 8, what is -6615712 - -3?
-6615707
In base 13, what is 121 - 1b629?
-1b508
In base 14, what is -617 - 17b4?
-1dcb
In base 14, what is -386b - 18d?
-3a1a
In base 9, what is 207521 + -27?
207483
In base 11, what is 16277 + 1aa?
16476
In base 6, what is -2125352332 + 3?
-2125352325
In base 11, what is 76 + -784997?
-784921
In base 9, what is 32067678 + 4?
32067683
In base 3, what is 101202121120 + 112000?
101210010120
In base 12, what is -6896679 + -a?
-6896687
In base 5, what is -204040040 + 142?
-204034343
In base 15, what is ca - 70650?
-70575
In base 9, what is 2447 - 51447?
-48000
In base 16, what is 39de7 - -1a5?
39f8c
In base 7, what is 621515 - -6613?
631431
In base 4, what is 3 + 31213233021?
31213233030
In base 5, what is 23224230 - -42?
23224322
In base 14, what is 2b6 + -20022?
-1db4a
In base 11, what is 19 + 57521a?
575238
In base 5, what is -2423043232 - 4?
-2423043241
In base 14, what is 2701 - d51?
1790
In base 12, what is -39a606 + -53?
-39a659
In base 16, what is 29 - 244c?
-2423
In base 10, what is 4 